f 86020296?
True
Is 7357462 a multiple of 7?
True
Is 20 a factor of 71402600?
True
Is 9 a factor of 40792374?
True
Is 18 a factor of 979192368?
True
Is 158760698 a multiple of 103?
True
Is 1736718859 a multiple of 67?
True
Is 1368778690 a multiple of 541?
True
Is 26 a factor of 2654869031?
False
Does 6 divide 366496998?
True
Is 192 a factor of 140553984?
True
Is 21198344 a multiple of 239?
True
Is 3164724724 a multiple of 4?
True
Is 23567154 a multiple of 71?
False
Does 150 divide 23817450?
True
Is 17 a factor of 988482?
True
Is 47 a factor of 521286729?
True
Does 43 divide 17770008?
True
Is 7 a factor of 312920664?
True
Is 1245339216 a multiple of 561?
True
Is 695478568 a multiple of 48?
False
Is 671934202 a multiple of 19?
True
Is 272787849 a multiple of 522?
False
Is 323711912 a multiple of 18?
False
Is 12 a factor of 2143350996?
True
Does 213 divide 117134559?
False
Does 20 divide 6888707?
False
Does 8 divide 490509648?
True
Is 11 a factor of 1068993963?
False
Is 33 a factor of 2363708688?
True
Is 6851222456 a multiple of 1612?
True
Is 232054688 a multiple of 188?
False
Is 27 a factor of 580690450?
False
Is 1514162538 a multiple of 54?
True
Is 129056065 a multiple of 9?
False
Is 192263150 a multiple of 5?
True
Does 585 divide 40034297?
False
Is 1202478083 a multiple of 8?
False
Does 8 divide 61627496?
True
Is 15 a factor of 91959165?
True
Is 50 a factor of 31634000?
True
Does 1217 divide 102669181?
False
Does 42 divide 5824034?
False
Is 3 a factor of 167448071?
False
Does 13 divide 739147337?
False
Is 2839487390 a multiple of 1315?
True
Is 28 a factor of 12609408?
True
Does 8 divide 24554952?
True
Is 88 a factor of 12080491?
False
Does 98 divide 675440374?
False
Is 8 a factor of 74266368?
True
Is 397 a factor of 1436445381?
False
Is 1122 a factor of 124843905?
False
Is 5 a factor of 37216327?
False
Is 1891 a factor of 23498670?
False
Is 856836425 a multiple of 25?
True
Does 273 divide 51993942?
True
Is 31 a factor of 34813515?
False
Is 4409730 a multiple of 10?
True
Does 120 divide 41195421?
False
Is 2 a factor of 2830255?
False
Does 14 divide 144209250?
False
Does 54 divide 21956329?
False
Does 315 divide 24219586?
False
Does 154 divide 49149100?
True
Does 271 divide 744027790?
True
Is 141103979 a multiple of 5?
False
Does 93 divide 57947742?
True
Is 1187632182 a multiple of 66?
True
Does 142 divide 75645814?
True
Is 1045289964 a multiple of 564?
True
Does 656 divide 13213152?
True
Is 25 a factor of 3115300?
True
Does 1175 divide 216209400?
True
Is 688 a factor of 38234017?
False
Does 43 divide 664139861?
False
Is 5702672556 a multiple of 42?
True
Is 5 a factor of 6755490?
True
Is 1138 a factor of 34500746?
True
Does 230 divide 16739536?
False
Does 1708 divide 475575175?
False
Is 23343810 a multiple of 5?
True
Does 104 divide 50823849?
False
Is 2212 a factor of 242079068?
True
Is 39035782 a multiple of 47?
False
Is 257 a factor of 2171860733?
False
Is 64 a factor of 52989?
False
Does 8 divide 488617344?
True
Does 288 divide 1305630432?
True
Does 308 divide 103022920?
True
Is 11 a factor of 368741461?
True
Is 898 a factor of 1698118?
True
Does 487 divide 107455262?
False
Does 50 divide 9441385?
False
Is 4305 a factor of 774060525?
True
Is 30463236 a multiple of 27?
True
Is 148 a factor of 8497124?
True
Is 1484113570 a multiple of 4862?
False
Does 64 divide 23981220?
False
Is 680 a factor of 1751441397?
False
Is 82479953 a multiple of 449?
True
Is 4546614 a multiple of 6?
True
Is 210437214 a multiple of 9?
False
Is 465935008 a multiple of 2104?
True
Is 129625090 a multiple of 625?
False
Is 89 a factor of 2007900698?
True
Is 9 a factor of 124752528?
True
Is 425 a factor of 1106381?
False
Is 8 a factor of 26788369?
False
Is 868 a factor of 684203604?
True
Is 2338153 a multiple of 258?
False
Is 1656 a factor of 4011437?
False
Does 169 divide 436386054?
True
Is 184 a factor of 302692003?
False
Is 1342167155 a multiple of 170?
False
Does 669 divide 14445048?
True
Is 12 a factor of 3604141803?
False
Is 483999523 a multiple of 7?
True
Does 11 divide 127699022?
True
Is 28588707 a multiple of 441?
True
Is 103 a factor of 1095253796?
True
Is 40003200 a multiple of 1080?
True
Is 564 a factor of 1314638997?
False
Is 7 a factor of 171190824?
True
Is 22333403 a multiple of 5?
False
Does 8 divide 58801102?
False
Does 10 divide 1966807255?
False
Is 17503606 a multiple of 351?
False
Is 212365304 a multiple of 86?
True
Is 2 a factor of 7533573?
False
Does 1739 divide 3092298?
False
Is 3055 a factor of 70657234?
False
Does 23 divide 36375191?
False
Is 6935 a factor of 1316686035?
True
Is 123 a factor of 2389490319?
False
Is 18 a factor of 511166052?
True
Is 25126476 a multiple of 2?
True
Does 451 divide 2312728?
True
Is 36389850 a multiple of 1225?
True
Does 268 divide 6427632?
False
Is 83459351 a multiple of 91?
False
Is 235 a factor of 4876485?
True
Does 21 divide 38025204?
True
Does 2166 divide 438765385?
False
Does 985 divide 297755081?
False
Does 30 divide 1193642765?
False
Is 40 a factor of 900963857?
False
Is 1235 a factor of 268770580?
True
Does 16 divide 58517968?
True
Is 248 a factor of 580558639?
False
Is 218 a factor of 1100847867?
False
Does 2881 divide 36796473?
False
Does 1905 divide 8111239?
False
Is 18 a factor of 6898322?
False
Is 106610 even?
True
Is 13603331 a multiple of 7?
True
Is 60 a factor of 26703480?
True
Is 546 a factor of 985921209?
False
Is 61 a factor of 130443270?
False
Is 63 a factor of 17443940?
False
Is 741675233 a multiple of 13?
True
Does 413 divide 16673223?
True
Does 39 divide 1317576?
True
Does 15 divide 58604034?
False
Is 20 a factor of 22356006?
False
Is 152032995 a multiple of 9?
True
Is 44967964 a multiple of 706?
True
Is 57 a factor of 826614?
True
Is 77598076 a multiple of 3?
False
Is 291 a factor of 566054655?
True
Does 58 divide 6206464?
True
Is 8155803 a multiple of 3?
True
Is 772 a factor of 52767744?
True
Is 57 a factor of 1128341832?
False
Is 3127 a factor of 26287378?
False
Is 7 a factor of 64212715?
True
Does 20 divide 89320780?
True
Is 17230240 a multiple of 565?
True
Is 23688190 a multiple of 947?
False
Is 600595898 a multiple of 90?
False
Does 1658 divide 59838031?
False
Is 106 a factor of 108075056?
True
Does 21 divide 436370613?
True
Is 91938308 a multiple of 44?
True
Is 12158720 a multiple of 472?
True
Is 26436657 a multiple of 13?
True
Is 12 a factor of 64449771?
False
Does 30 divide 3284252221?
False
Is 166 a factor of 1117363762?
True
Is 7801704 a multiple of 3?
True
Does 14 divide 235703762?
True
Is 13962730 a multiple of 47?
False
Is 15649410 a multiple of 210?
True
Is 222659735 a multiple of 515?
True
Is 322930279 a multiple of 2310?
False
Is 174033999 a multiple of 1473?
False
Is 21 a factor of 22431927?
True
Is 32244295 a multiple of 355?
True
Is 830785200 a multiple of 80?
True
Is 4603 a factor of 936361173?
False
Is 773300083 a multiple of 13?
False
Is 4026307536 a multiple of 1820?
False
Is 8640 a factor of 1612552320?
True
Does 119 divide 43257214?
True
Does 41 divide 9099229?
False
Is 170892497 a multiple of 5785?
False
Is 5265 a factor of 584132488?
False
Is 28 a factor of 823357024?
True
Does 26 divide 85683156?
True
Does 1281 divide 367465098?
True
Is 458276720 a multiple of 5456?
True
Is 237770655 a multiple of 153?
False
Does 2094 divide 3835412887?
False
Does 2 divide 25863270?
True
Is 19104022 a multiple of 70?
False
Does 250 divide 29708000?
True
Is 59 a factor of 4214966052?
False
Is 30 a factor of 32895224?
False
Does 3 divide 97800546?
True
Is 55924780 a multiple of 1259?
True
Does 145 divide 84954195?
True
Does 1962 divide 1000998666?
True
Does 344 divide 11363696?
True
Does 629 divide 307091802?
False
Is 13516716 a multiple of 1931?
False
Is 1904 a factor of 75832512?
True
Is 28 a factor of 944777?
False
Does 1436 divide 190630436?
True
Does 3 divide 7526896?
False
Does 7226 divide 1779330240?
True
Is 173 a factor of 17902040?
True
Is 268620485 a multiple of 35?
True
Is 763 a factor of 53772425?
True
Is 2203 a factor of 253717307?
True
Is 30 a factor of 1043787519?
False
Does 820 divide 4322593100?
True
Is 2964 a factor of 1356391608?
True
Is 157119281 a multiple of 25?
False
Is 65523320 a multiple of 46?
True
Does 44 divide 1331088?
True
Does 83 divide 51553624?
True
I